{"id":125,"date":"2023-07-27T09:46:27","date_gmt":"2023-07-27T07:46:27","guid":{"rendered":"http:\/\/lidaversilia.it\/?page_id=125"},"modified":"2023-10-10T15:21:05","modified_gmt":"2023-10-10T13:21:05","slug":"chi-siamo","status":"publish","type":"page","link":"https:\/\/lidaversilia.it\/index.php\/chi-siamo\/","title":{"rendered":"Chi siamo"},"content":{"rendered":"\n<h2 class=\"wp-block-heading has-text-align-center\">Sezione Intercomunale L.I.D.A. Versilia<br>Lega Italiana dei Diritti dell&#8217;Animale<span class=\" puwcIf aw5Odc\" style=\"font-family: 'Georgia'; font-variant: normal; text-decoration: underline; vertical-align: baseline;\"><\/span><\/h2>\n\n\n\n<div style=\"height:30px\" aria-hidden=\"true\" class=\"wp-block-spacer\"><\/div>\n\n\n\n<div class=\"wp-block-columns is-layout-flex wp-container-3\">\n<div class=\"wp-block-column is-layout-flow\">\n<div class=\"wp-block-uagb-team uagb-team__image-position-above uagb-team__align-center uagb-team__stack-tablet uagb-block-87494948\"><div class=\"uagb-team__content\"><img decoding=\"async\" class=\"uagb-team__image-crop-circle\" src=\"http:\/\/lidaversilia.it\/wp-content\/uploads\/2023\/09\/avatar-150x150.jpg\" alt=\"\" height=\"85\" width=\"85\" loading=\"lazy\"\/><h3 class=\"uagb-team__title\">Maria Grazia Cascone<\/h3><span class=\"uagb-team__prefix\">Presidente<\/span><p class=\"uagb-team__desc\">Cell: 347 7780841<br>Email: <a rel=\"noreferrer noopener\" href=\"mailto:mg.lidaversilia@gmail.com\" target=\"_blank\">mg.lidaversilia@gmail.com<\/a><\/p><ul class=\"uagb-team__social-list\"><\/ul><\/div><\/div>\n<\/div>\n\n\n\n<div class=\"wp-block-column is-layout-flow\">\n<div class=\"wp-block-uagb-team uagb-team__image-position-above uagb-team__align-center uagb-team__stack-tablet uagb-block-2b4f42a9\"><div class=\"uagb-team__content\"><img decoding=\"async\" class=\"uagb-team__image-crop-circle\" src=\"http:\/\/lidaversilia.it\/wp-content\/uploads\/2023\/09\/avatar2-150x150.jpg\" alt=\"\" height=\"85\" width=\"85\" loading=\"lazy\"\/><h3 class=\"uagb-team__title\">Fabio Carmignani (responsabile del sito)<\/h3><span class=\"uagb-team__prefix\">Tesoriere<\/span><p class=\"uagb-team__desc\">Cell: 347 2612527<br>Email: <a rel=\"noreferrer noopener\" href=\"mailto:carmignanifabio@gmail.com\" target=\"_blank\">carmignanifabio@gmail.com<\/a><\/p><ul class=\"uagb-team__social-list\"><\/ul><\/div><\/div>\n<\/div>\n<\/div>\n\n\n\n<p class=\"has-text-align-center\"><strong>L.I.D.A. &#8211; Acronimo che sta per Lega Italiana dei Diritti dell\u2019Animale<\/strong><\/p>\n\n\n\t\t\t\t\t<div\n\t\t\t\t\t\tclass=\"wp-block-uagb-image-gallery uagb-block-8a88756a     \"\n\t\t\t\t\t\tstyle=\"\"\n\t\t\t\t\t>\n\t\t\t\t\t\t\t\t\t\t\t<div data-aos= \"flip-up\" data-aos-duration=\"400\" data-aos-delay=\"0\" data-aos-easing=\"ease\" data-aos-once=\"true\" class=\"spectra-image-gallery spectra-image-gallery__layout--carousel\">\n\t\t\t\t\t\t\t\t<div class=\"uagb-slick-carousel uagb-block-8a88756a\">\n\t\t\t\t\t\t\t\t\t\t\t\t<div class='spectra-image-gallery__media-wrapper' data-spectra-gallery-image-id='260'>\n\t\t\t\t\t\t\t<div class=\"spectra-image-gallery__media spectra-image-gallery__media--carousel\">\n\t\t\t\t<picture>\n\t\t\t\t\t<source media=\"(min-width: 1024px)\" srcset=\"http:\/\/lidaversilia.it\/wp-content\/uploads\/2023\/09\/sede-3-300x225.jpeg\">\n\t\t\t\t\t<source media=\"(min-width: 768px)\" srcset=\"http:\/\/lidaversilia.it\/wp-content\/uploads\/2023\/09\/sede-3-1024x768.jpeg\">\n\t\t\t\t\t<img decoding=\"async\" class=\"spectra-image-gallery__media-thumbnail spectra-image-gallery__media-thumbnail--carousel\" src=\"http:\/\/lidaversilia.it\/wp-content\/uploads\/2023\/09\/sede-3-300x225.jpeg\" alt=\"\" loading=\"lazy\" \/>\n\t\t\t\t<\/picture>\n\t\t\t\t<div class=\"spectra-image-gallery__media-thumbnail-blurrer\"><\/div>\n\t\t\t\t\t\t\t\t\t\t\t<div class=\"spectra-image-gallery__media-thumbnail-caption-wrapper spectra-image-gallery__media-thumbnail-caption-wrapper--overlay\"><\/div>\n\t\t\t\t\t\t\t\t<\/div>\n\t\t\t\t\t\t<\/div>\n\t\t\t\t\t\t<div class='spectra-image-gallery__media-wrapper' data-spectra-gallery-image-id='261'>\n\t\t\t\t\t\t\t<div class=\"spectra-image-gallery__media spectra-image-gallery__media--carousel\">\n\t\t\t\t<picture>\n\t\t\t\t\t<source media=\"(min-width: 1024px)\" srcset=\"http:\/\/lidaversilia.it\/wp-content\/uploads\/2023\/09\/sede-1-300x225.jpeg\">\n\t\t\t\t\t<source media=\"(min-width: 768px)\" srcset=\"http:\/\/lidaversilia.it\/wp-content\/uploads\/2023\/09\/sede-1-1024x768.jpeg\">\n\t\t\t\t\t<img decoding=\"async\" class=\"spectra-image-gallery__media-thumbnail spectra-image-gallery__media-thumbnail--carousel\" src=\"http:\/\/lidaversilia.it\/wp-content\/uploads\/2023\/09\/sede-1-300x225.jpeg\" alt=\"\" loading=\"lazy\" \/>\n\t\t\t\t<\/picture>\n\t\t\t\t<div class=\"spectra-image-gallery__media-thumbnail-blurrer\"><\/div>\n\t\t\t\t\t\t\t\t\t\t\t<div class=\"spectra-image-gallery__media-thumbnail-caption-wrapper spectra-image-gallery__media-thumbnail-caption-wrapper--overlay\"><\/div>\n\t\t\t\t\t\t\t\t<\/div>\n\t\t\t\t\t\t<\/div>\n\t\t\t\t\t\t<div class='spectra-image-gallery__media-wrapper' data-spectra-gallery-image-id='262'>\n\t\t\t\t\t\t\t<div class=\"spectra-image-gallery__media spectra-image-gallery__media--carousel\">\n\t\t\t\t<picture>\n\t\t\t\t\t<source media=\"(min-width: 1024px)\" srcset=\"http:\/\/lidaversilia.it\/wp-content\/uploads\/2023\/09\/sede-2-300x225.jpeg\">\n\t\t\t\t\t<source media=\"(min-width: 768px)\" srcset=\"http:\/\/lidaversilia.it\/wp-content\/uploads\/2023\/09\/sede-2-1024x768.jpeg\">\n\t\t\t\t\t<img decoding=\"async\" class=\"spectra-image-gallery__media-thumbnail spectra-image-gallery__media-thumbnail--carousel\" src=\"http:\/\/lidaversilia.it\/wp-content\/uploads\/2023\/09\/sede-2-300x225.jpeg\" alt=\"La nostra sede\" loading=\"lazy\" \/>\n\t\t\t\t<\/picture>\n\t\t\t\t<div class=\"spectra-image-gallery__media-thumbnail-blurrer\"><\/div>\n\t\t\t\t\t\t\t\t\t\t\t<div class=\"spectra-image-gallery__media-thumbnail-caption-wrapper spectra-image-gallery__media-thumbnail-caption-wrapper--overlay\"><\/div>\n\t\t\t\t\t\t\t\t<\/div>\n\t\t\t\t\t\t<\/div>\n\t\t\t\t\t\t\t\t\t\t\t<\/div>\n\t\t\t\t\t\t\t<\/div>\n\t\t\t\t\t\t\t\t\t\t\t<\/div>\n\t\t\t\t\t\t\t\t\t\n\n\n<p>La <mark style=\"background-color:rgba(0, 0, 0, 0)\" class=\"has-inline-color has-vivid-red-color\">L.I.D.A. Versilia \u00e8 una sezione intercomunale dell\u2019Associazione Nazionale L.I.D.A. (Lega Italiana dei Diritti dell\u2019Animale)<\/mark> che nasce nel 1977 e opera con oltre 40 sezioni su tutto il territorio nazionale, battendosi per il riconoscimento giuridico dei&nbsp;<strong>diritti naturali dell\u2019animale<\/strong>&nbsp;e contro tutte le violenze di ogni tipo e di ogni genere sugli umani e non. La L.I.D.A. pratica e promuove il cambiamento culturale nel rapporto con gli animali cos\u00ec da poter arrivare a stili di vita e a scelte politiche fondate sul rispetto e la solidariet\u00e0 verso gli esseri viventi, senza distinzione di specie.<\/p>\n\n\n\n<p>La <mark style=\"background-color:rgba(0, 0, 0, 0)\" class=\"has-inline-color has-vivid-red-color\">L.I.D.A. Versilia nasce nel 2009 e opera nel territorio della Versilia.<\/mark><\/p>\n\n\n\n<p>La L.I.D.A. Versilia rappresenta l\u2019associazione di riferimento, con riconoscimento presso la Regione Toscana, per il Canile Municipale di Viareggio&nbsp; e si occupa di aiutare cani e gatti in difficolt\u00e0 (randagi o abbandonati dalle loro famiglie) con l\u2019obiettivo di trovare per loro una adeguata adozione. A tale scopo la L.I.D.A. ha realizzato un piccolo Rifugio dove poterli accogliere e accudire temporaneamente in attesa che trovino una casa e una famiglia che se ne prenda cura per sempre.<\/p>\n\n\n\n<p>Presso il Rifugio della L.I.D.A. &nbsp;Versilia vengono accolti anche cani provenienti dal Canile di Viareggio che, allo scadere dei due mesi di permanenza in Canile non sono stati ancora adottati e devono quindi essere trasferiti in una struttura rifugio.&nbsp; In tal modo la L.I.D.A. Versilia, aiutando gli animali d\u00e0 anche un notevole supporto alle amministrazioni dei 7 Comuni della Versilia che fanno riferimento al Comune di Viareggio.<\/p>\n\n\n\n<p>Le attivit\u00e0 svolte dalla L.I.D.A. Versilia sono di seguito descritte in dettaglio.<\/p>\n\n\n\n<p class=\"has-text-align-center\"><strong>Attivit\u00e0 svolte regolarmente a partire dalla data di nascita dell\u2019associazione<\/strong>:<\/p>\n\n\n\n<p><mark style=\"background-color:rgba(0, 0, 0, 0)\" class=\"has-inline-color has-vivid-red-color\">1) Attivit\u00e0 di volontariato presso il Canile di Viareggio<\/mark><\/p>\n\n\n\n<ul>\n<li>1a) svolgimento dei controlli preaffido presso le abitazioni delle persone che fanno richiesta per adottare i cani del canile <\/li>\n\n\n\n<li>1b) sgambatura dei cani tre volte la settimana;<\/li>\n\n\n\n<li>1c) pubblicazione delle foto dei cani sul sito web e sulla pagina Facebook della L.I.D.A. Versilia; <\/li>\n\n\n\n<li>1d) pubblicazione delle foto dei cani su quotidiani e riviste locali; <\/li>\n\n\n\n<li>1e) realizzazione e stampa di volantini, contenenti le foto dei cani e una breve descrizione delle loro caratteristiche e inserimento di tali volantini in bacheche collocate presso presso ambulatori veterinari, negozi che vendono prodotti per animali e altre sedi dove gli animali possono avere visibilit\u00e0;<\/li>\n\n\n\n<li>1f) promozione dell\u2019adozione dei cani pi\u00f9 bisognosi presso banchetti appositamente organizzati in collaborazione con l\u2019Ufficio Tutela Animali del Comune di Viareggio.<\/li>\n<\/ul>\n\n\n\n<p><mark style=\"background-color:rgba(0, 0, 0, 0)\" class=\"has-inline-color has-vivid-red-color\">2) Attivit\u00e0 volte a ridurre il pi\u00f9 possibile gli ingressi dei cani in canile aiutando le persone in difficolt\u00e0 e che per varie motivazioni (comprese quelle economiche) non sono pi\u00f9 in grado di tenere e accudire il loro cane. Tale attivit\u00e0 si concretizza in varie forme quali:<\/mark><\/p>\n\n\n\n<ul>\n<li>2a) stallo temporaneo degli animali presso il Rifugio L.I.D.A. o presso le case degli stessi volontari in attesa di trovare una nuova adozione;<\/li>\n\n\n\n<li>2b) fornitura di cibo;<\/li>\n\n\n\n<li>2c) supporto economico e logistico per visite mediche;<\/li>\n\n\n\n<li>2d) supporto economico e logistico per sterilizzazione.<\/li>\n<\/ul>\n\n\n\n<p><mark style=\"background-color:rgba(0, 0, 0, 0)\" class=\"has-inline-color has-vivid-red-color\">3) Attivit\u00e0 volte alla raccolta di fondi per sostenere le spese relative alla cura degli animali bisognosi, ed in particolare le spese relative alle sterilizzazioni:<\/mark><\/p>\n\n\n\n<p>La L.I.D.A. Versilia organizza pranzi\/cene di beneficenza (rigorosamente vegetariane), effettua, raccolte alimentari e raccolte di materiali utili per canili e gattili (coperte etc.).<\/p>\n\n\n\n<p><mark style=\"background-color:rgba(0, 0, 0, 0)\" class=\"has-inline-color has-vivid-red-color\">4) Attivit\u00e0 relative alla denuncia di situazioni di maltrattamento:<\/mark><\/p>\n\n\n\n<p>La L.I.D.A. Versilia raccoglie e segnala situazioni di maltrattamento degli animali chiedendo l\u2019intervento di guardie zoofile, polizia municipale, ASL ecc., invia lettere ad amministrazioni locali, ASL ecc, per protestare contro violazioni dei regolamenti nazionali, regionali e comunali. Invia esposti alla procura della Repubblica di Lucca per segnalare gravi situazioni di maltrattamenti e illeciti.<\/p>\n\n\n\n<p class=\"has-text-align-center\"><strong>Attivit\u00e0 particolari svolte nel corso degli anni:<\/strong><\/p>\n\n\n\n<p><mark style=\"background-color:rgba(0, 0, 0, 0)\" class=\"has-inline-color has-vivid-red-color\">Attivit\u00e0 volte ad impedire la chiusura del Canile di Viareggio:<\/mark><\/p>\n\n\n\n<p>Nel mese di Febbraio del 2015 la L.I.D.A. Versilia in collaborazione con la Cooperativa che gestiva il Canile di Viareggio, si \u00e8 fortemente adoperata per impedire la chiusura del Canile decisa dalla ASL a causa di una serie di carenze principalmente di tipo strutturale. La L.I.D.A. Versilia ha trovato uno sponsor che insieme al gestore del Canile ha realizzato i lavori necessari per scongiurare la chiusura del canile e consentire il proseguimento delle sue attivit\u00e0, tutelando in questo modo gli animali e rendendo al contempo un servizio a tutte le amministrazioni comunali della Versilia.<\/p>\n\n\n\n<p><mark style=\"background-color:rgba(0, 0, 0, 0)\" class=\"has-inline-color has-vivid-red-color\">Attivit\u00e0 volte a favorire la realizzazione di un Canile Rifugio:<\/mark><\/p>\n\n\n\n<p>Nel mese di Novembre 2017 la L.I.D.A. Versilia ha presentato un progetto preparato da un architetto, volontario dell\u2019associazione, relativo alla trasformazione di una parte del Canile Sanitario di Viareggio in Canile Rifugio. Il progetto presentato dall\u2019associzione \u00e8 stato acquisito dall\u2019Amministrazione Comunale di Viareggio che lo ha fatto proprio e lo ha quindi realizzato eseguendo lavori che hanno permesso di adibire una parte del Canile Sanitario a Canile Rifugio.<\/p>\n\n\n\n<p><mark style=\"background-color:rgba(0, 0, 0, 0)\" class=\"has-inline-color has-vivid-red-color\">Attivit\u00e0 volte a favorire il miglioramento dei Regolamenti Comunali relativi agli animali:<\/mark><\/p>\n\n\n\n<p>La L.I.D.A. Versilia si impegna da anni per ottenere l\u2019inserimento nei regolamenti comunali di un articolo che abolisca la possibilit\u00e0 di detenzione dei cani a catena. Nel 2020 questo obiettivo \u00e8 stato raggiunto nel Comune di Viareggio, successivamente nel Comune di Camaiore con cui la L.I.D.A. Versilia ha collaborato attivamente per la stesura del nuovo Regolamento riguardante gli animali, successivamente nel Comune di Seravezza e pi\u00f9 recentemente nel Comune di Massarosa.<\/p>\n\n\n\n<p><mark style=\"background-color:rgba(0, 0, 0, 0)\" class=\"has-inline-color has-vivid-red-color\">Attivit\u00e0 volte a favorire il miglioramento della Legge Regionale Toscana (n. 59 del 20 Ottobre 2009 &#8211; Normativa sugli animali di affezione):<\/mark><\/p>\n\n\n\n<p>La L.I.D.A. Versilia attraverso la sua presidente, eletta in qualit\u00e0 di membro della Commissione Regionale per la Tutela degli Animali, si sta impegnando affinch\u00e8 possa essere introdotto a livello regionale il divieto di detenere i cani a catena, cosa oggi ancora consentita in violazione dei diritti degli animali riconosciuti come esseri senzienti.<\/p>\n","protected":false},"excerpt":{"rendered":"<p>Sezione Intercomunale L.I.D.A. VersiliaLega Italiana dei Diritti dell&#8217;Animale L.I.D.A. &#8211; Acronimo che sta per Lega Italiana dei Diritti dell\u2019Animale La L.I.D.A. Versilia \u00e8 una sezione intercomunale dell\u2019Associazione Nazionale L.I.D.A. (Lega Italiana dei Diritti dell\u2019Animale) che nasce nel 1977 e opera con oltre 40 sezioni su tutto il territorio nazionale, battendosi per il riconoscimento giuridico dei&nbsp;diritti [&hellip;]<\/p>\n","protected":false},"author":1,"featured_media":0,"parent":0,"menu_order":0,"comment_status":"closed","ping_status":"closed","template":"","meta":{"_uag_custom_page_level_css":""},"uagb_featured_image_src":{"full":false,"thumbnail":false,"medium":false,"medium_large":false,"large":false,"1536x1536":false,"2048x2048":false},"uagb_author_info":{"display_name":"lida","author_link":"https:\/\/lidaversilia.it\/index.php\/author\/alex\/"},"uagb_comment_info":0,"uagb_excerpt":"Sezione Intercomunale L.I.D.A. VersiliaLega Italiana dei Diritti dell&#8217;Animale L.I.D.A. &#8211; Acronimo che sta per Lega Italiana dei Diritti dell\u2019Animale La L.I.D.A. Versilia \u00e8 una sezione intercomunale dell\u2019Associazione Nazionale L.I.D.A. (Lega Italiana dei Diritti dell\u2019Animale) che nasce nel 1977 e opera con oltre 40 sezioni su tutto il territorio nazionale, battendosi per il riconoscimento giuridico dei&nbsp;diritti&hellip;","_links":{"self":[{"href":"https:\/\/lidaversilia.it\/index.php\/wp-json\/wp\/v2\/pages\/125"}],"collection":[{"href":"https:\/\/lidaversilia.it\/index.php\/wp-json\/wp\/v2\/pages"}],"about":[{"href":"https:\/\/lidaversilia.it\/index.php\/wp-json\/wp\/v2\/types\/page"}],"author":[{"embeddable":true,"href":"https:\/\/lidaversilia.it\/index.php\/wp-json\/wp\/v2\/users\/1"}],"replies":[{"embeddable":true,"href":"https:\/\/lidaversilia.it\/index.php\/wp-json\/wp\/v2\/comments?post=125"}],"version-history":[{"count":35,"href":"https:\/\/lidaversilia.it\/index.php\/wp-json\/wp\/v2\/pages\/125\/revisions"}],"predecessor-version":[{"id":349,"href":"https:\/\/lidaversilia.it\/index.php\/wp-json\/wp\/v2\/pages\/125\/revisions\/349"}],"wp:attachment":[{"href":"https:\/\/lidaversilia.it\/index.php\/wp-json\/wp\/v2\/media?parent=125"}],"curies":[{"name":"wp","href":"https:\/\/api.w.org\/{rel}","templated":true}]}}